= 10*i - 6. What is the tens digit of l(m)?
4
Suppose 3*u = 17*u + 2310. What is the tens digit of 1 - 4 - (-13 + u)?
7
Let i(s) = 34*s + 17. Let o be i(-8). Let g be -3 - -5 - o/3. Let f = g - 53. What is the units digit of f?
4
Let p be 116/20 + 4/20. Let u(w) = -w**3 - p + 2 + 8*w**2 + 0 + 10*w. What is the units digit of u(9)?
5
Let a(n) = n**3 + 11*n**2 - 10*n - 18. Let k be a(-12). What is the hundreds digit of (36/81)/(1/(-12))*k?
2
Let k = -245 - -689. What is the tens digit of k?
4
Suppose 13*y - 5528 = 4365. What is the hundreds digit of y?
7
Let h = 96 - 84. What is the hundreds digit of 964*(33/h)/11?
2
Let g = 840 - -409. What is the hundreds digit of g?
2
Suppose 968 = 4*r - 360. Suppose -3*d + r = 44. What is the units digit of d?
6
Suppose -s = -j - 2487, -3*j + 11*j = 4*s - 9968. What is the thousands digit of s?
2
Suppose -i - 4294 + 979 = -2*c, c = 4*i + 1640. What is the hundreds digit of c?
6
Let i(d) = -d**2 + 21*d + 11. Let p be i(18). Suppose 4*j + 2*c - p = 57, -3*j = -5*c - 111. What is the units digit of j?
2
Let k be (19 - 18)*(1 - 18). Let b = 9 - k. What is the tens digit of b?
2
What is the thousands digit of 3378*((-26)/4 + (22 - 15))?
1
What is the thousands digit of 64/96 + 1 + 7130/6?
1
Let h = -14 + 19. Suppose -t - h*l + 43 = 0, 2*t - 3*l - 62 = -l. What is the tens digit of t?
3
Let y(c) = 10 - 55*c - 15*c + 143*c. What is the tens digit of y(3)?
2
Let d be 42 - 7/((-21)/12). Suppose -d - 21 = -s. What is the units digit of s?
7
Suppose 6*z - 9 = 3*z. Suppose -2 = -z*i + 94. What is the units digit of i?
2
What is the thousands digit of 3*(-2748)/30*(-20)/3?
1
Suppose 9*w + 664 = w. Let k = 215 + w. What is the tens digit of k?
3
Suppose 4*z - 3552 = 2*y, -7*y + 5*y = 3*z - 2678. What is the hundreds digit of z?
8
What is the thousands digit of (7/2 - (24 + -20))*-5286?
2
Let n(m) be the second derivative of m**4 + m**3/3 - m**2/2 + 9*m. What is the units digit of n(2)?
1
Let s(j) = 438*j**3 - j**2 - 5*j + 7. What is the units digit of s(1)?
9
Suppose -4*w - 3*z = -0*w - 50, -z = -2. Let b = w - 11. What is the tens digit of b/(-3) - 68/(-4)?
1
Let m(f) be the first derivative of -16*f**2 + 10*f - 46. What is the tens digit of m(-8)?
6
Let g be 12/6 - (-9 - -1). Let s = -9 + 13. Suppose -g = -3*v - s*f, -4*f + 22 = 3*v + 2*v. What is the units digit of v?
6
Suppose -4*o + 7516 = -9*y + 11*y, 5*o = -2*y + 9396. What is the tens digit of o?
8
Suppose -1665 = -3*l - 5*i, 2*i = -l - 0*l + 554. What is the units digit of l?
0
Suppose 44 + 136 = 5*c. What is the tens digit of ((-220)/(-40))/(2/c)?
9
Let d = -8 + 5. What is the units digit of (-442)/(-16) + d/(-8)?
8
What is the hundreds digit of (-1 + -3 + -108)/((-2)/14)?
7
Let i(t) = -3*t + 10. Let s be i(-3). Suppose -8*x + 3*x = 2*u - s, 3*x + 125 = 5*u. What is the units digit of u?
2
Suppose 4*i = x + 65, 2*i - 22 = 3*x + x. Suppose 192 = 19*k - i*k. What is the tens digit of k?
9
Let v(m) = -85*m**2 + 6*m - 5. Let a(y) = -y**2 + y - 1. Let d(k) = 6*a(k) - v(k). Let w be 7 + ((-36)/(-15))/((-4)/10). What is the units digit of d(w)?
8
Let w(c) = -6*c - 30. Let g be w(-11). What is the hundreds digit of 30/((-6)/(-12) + (-10)/g)?
1
Let q = 201 - 119. Let v(y) = -y**3 - 35*y**2 + 74*y - 30. Let t be v(-37). Let l = q + t. What is the tens digit of l?
5
Let u = -57 - -1106. What is the units digit of u?
9
Let l be (12/(-32))/((-1)/4)*14. Suppose -1883 + 623 = -l*p. What is the units digit of p?
0
Let t(v) = -36 - 13*v + 39 - 5*v**2 + 6*v**2. What is the hundreds digit of t(-7)?
1
Let b(q) = -2*q**2 + 5. Let i(j) = -2*j**2 + 4. Let x(k) = 3*b(k) - 4*i(k). Let g be x(2). Let m = g - -10. What is the tens digit of m?
1
Suppose -6*o = -16*o + 9000. Suppose o = -19*s + 24*s. What is the hundreds digit of s?
1
Suppose -2*d - 3*w = 124, w = -5*d + 121 - 444. Let l = d - -98. What is the units digit of l?
3
Suppose 4*c + t - 997 = 0, 0 = -7*c + 6*c - 2*t + 251. What is the hundreds digit of c?
2
What is the units digit of (45/30)/((-6)/(-796))?
9
What is the units digit of -2 + 2477/2 + 120/(-48)?
4
Suppose 4*c = 2*x - 3466, 20 = -6*c + 2*c. What is the hundreds digit of x?
7
Let m(b) = b**2 + 9. Suppose 1 = -7*h + 8. Suppose w - h = 4*s - 38, 0 = -2*s - 5*w - 9. What is the units digit of m(s)?
3
Let p(n) = 2*n**2 - 3*n - 5. Suppose -l = 0, -3*k + 2*l + 24 = -2*l. Let v be p(k). Suppose 24 = -5*c + v. What is the tens digit of c?
1
Let c(b) be the third derivative of 0*b + 1/60*b**5 + 0 + 3/8*b**4 + b**3 + b**2. What is the units digit of c(-11)?
8
Suppose -2*m + 6 = m. Suppose -5*r = m*u - 142, 61 = -3*r + u + 155. What is the units digit of r?
0
Let f = 49 - 79. What is the tens digit of (0 + 1 + 29)*(-110)/f?
1
Let u = -2 - -8. Let l(g) = 45*g**2 + 12 - 6*g - 44*g**2 - 10. What is the units digit of l(u)?
2
Let h be 1 + (-1 - -2) + -2. Let y be ((-3 - h) + 5)/(-1). What is the units digit of 1/y + 21/6?
3
Let i be -4*((-3)/3)/(1/19). Let m = 325 - i. What is the hundreds digit of m?
2
Let m(s) = 3*s**3 + 2*s**2 + 4*s. Let p(f) = -3*f**3 - 2*f**2 - 5*f. Let y(u) = -7*m(u) - 6*p(u). What is the hundreds digit of y(-5)?
3
Let w be (2/4)/((-4)/(-1232)). Let k = w + -44. What is the tens digit of ((-64)/40)/((-4)/k)?
4
What is the thousands digit of -3*(-6)/(-18)*-1202?
1
Let n = 411 - 349. What is the units digit of n?
2
Suppose 32*h - 30*h = 3348. What is the tens digit of h?
7
Let q = -32 - -51. Let d(u) = 22*u - 5 - q*u - 1. What is the units digit of d(5)?
9
Suppose 15 = 5*h - 5, -5*h = 5*d - 10. What is the tens digit of d/(8/2)*-26?
1
Suppose -3*g + 3 = -2*g. Suppose -g*j + 4*j = -33. What is the tens digit of j/(-1) - (0 + 1)?
3
Let k(r) = r**2 + 11*r + 6. Let p be k(-8). Let v be ((-120)/p)/(2/15). Suppose -v = -5*x + 160. What is the units digit of x?
2
Suppose r + 1 = 2. Let f(z) = 48*z**3 - 2*z + 1. What is the units digit of f(r)?
7
Let g(y) = 618*y**2 - 8 + 273*y**2 + 0 + 7. Let j be g(-1). What is the units digit of j/25 - (-6)/(-10)?
5
Let k(g) = 15*g**2 + 4*g - 20. What is the tens digit of k(-8)?
0
Suppose 43*r = -25*r + 296072. What is the hundreds digit of r?
3
Suppose -5*j = -7*j + 8. Let d = 162 + -33. Suppose j*n = n + d. What is the tens digit of n?
4
Suppose 5*n + 120 = -5*i, 4*i - 5*n + 2*n = -82. Let f = 25 + i. Suppose -f*y + 21 + 123 = 0. What is the tens digit of y?
4
Let w be ((-9)/6)/(6/32). Let c be (-8)/(-3)*(-228)/w. What is the units digit of ((-1)/2)/((-2)/c)?
9
Let k(m) = 91*m - 2. Suppose -7*g = -9*g + 2. What is the units digit of k(g)?
9
Let c(l) = 4*l - 7. Let j(q) = -20*q + 37. Let b(f) = 11*c(f) + 2*j(f). Let h(d) = -d**3 - 2*d**2 + 2*d - 1. Let v be h(-3). What is the units digit of b(v)?
5
Let a = -311 - -201. Let v = -75 - a. What is the tens digit of v?
3
Let p be (4 - 3)/((-3)/27). Let v be p*(3 + (-11)/3). Suppose -k + v = -11. What is the tens digit of k?
1
Let l(p) = -29*p - 1. Let k(z) = -175*z - 5. Let i(w) = -6*k(w) + 35*l(w). What is the units digit of i(2)?
5
Let z = 674 - 301. What is the units digit of z?
3
Let v(d) = 21*d + 884. What is the hundreds digit of v(0)?
8
Let h(t) be the third derivative of -t**6/120 + t**5/20 - t**4/24 - 5*t**2. Let k be h(2). What is the tens digit of (-236)/(-16) - k/(-8)?
1
Let b(y) = -2*y + 12. Suppose 0*k + 5*k = 0. Suppose 5*d = -z - 1 - k, 3*z + d + 31 = 0. What is the units digit of b(z)?
4
Suppose -1422*r = -1423*r + 2433. What is the thousands digit of r?
2
Suppose 3 = -3*l + a, -l + 4*a = 1 + 11. Let z = 5 - l. Suppose -r = 2*f + f + 5, -2*r - 5*f = z. What is the units digit of r?
0
Let o(z) = -z**2 - 10*z - 13. Let l be o(-7). What is the tens digit of l/76 + (-15760)/(-95)?
6
Let r be (-2 - 2) + 8 + 1. Suppose -274 = -4*w + c, -r*w + c + 335 = -4*c. What is the units digit of w?
9
Suppose -2*s - 5*v = 27, 0 = s - 2*v + 5 + 13. Let k be s/(-24)*(4 + 2). Suppose -4*h = -2*c - 4, k*h - 22 = -4*c + 6*h. What is the units digit of c?
8
Suppose -8*l + 4076 - 604 = 0. What is the tens digit of l?
3
Suppose 209*o - 32604 = 198*o. What is the units digit of o?
4
Let o = -22 + 31. Let r = 13 - o. Suppose r*f - 136 = -0*f. What is the tens digit of f?
3
Suppose 0*c + 8 = 2*c. Suppose 0*h + 4*h = -c*l + 316, 4*l = 5*h - 431. Let o = 135 - h. What is the tens digit of o?
5
Le